) = 1130*s**3 + 7*s**2 - 38*s + 32. Determine g(1).
1131
Let r(a) = a**3 + 178*a**2 - 4171*a + 1598. Determine r(-199).
6
Let i(w) = 44*w**2 + 117*w + 269. Give i(-3).
314
Let y(r) = 54900*r - 36179112. Calculate y(659).
-12
Let x(i) = 71*i**3 + 570*i**2 + 8*i - 58. What is x(-8)?
6
Let h(q) = q**3 + 179*q**2 - 2702*q - 3. What is h(-193)?
-3
Let z(m) = -2*m**2 + 484*m - 19498. Give z(52).
262
Let j(i) = 122*i + 915. Determine j(-8).
-61
Let s(i) = -i**2 - 926*i - 188472. Determine s(-302).
-24
Let h(a) = -18832*a - 131762. Give h(-7).
62
Let b(p) = -p**3 - 30*p**2 + 6*p - 335. Give b(-8).
-1791
Let m(f) = -123305*f + 22688135. Determine m(184).
15
Let y(s) = 11*s**3 + 217*s**2 + 2*s - 25. Give y(0).
-25
Let r(i) = -308810*i**2 + 308819*i - 9. Calculate r(1).
0
Let q(u) = -24*u**2 - 6199*u + 3736. Give q(-259).
-667
Let p(l) = -66*l**3 - 78*l**2 + 106*l + 124. Determine p(-1).
6
Let r(p) = -20*p - 213. Give r(-11).
7
Let z(j) = 3*j**3 - 41*j**2 - 103*j + 1138. What is z(16)?
1282
Let u(q) = 66*q**2 + 561*q + 258. What is u(-8)?
-6
Let w(f) = 2*f**3 + f**2 - 4571*f + 13710. Determine w(3).
60
Let f(i) = -i**2 + 839*i - 4306. What is f(5)?
-136
Let a(k) = 4*k**2 + 660*k - 2776. Calculate a(-169).
-72
Let c(v) = -v**2 - 45*v - 345. Give c(-10).
5
Let u(o) = o**3 + 297*o**2 + 7766*o - 1605. Determine u(-268).
3
Let m(h) = -h**2 - 168*h - 4428. Give m(-145).
-1093
Let k(z) = z**3 - 13*z**2 + 345*z + 2658. Determine k(-9).
-2229
Let x(w) = -w**3 - 177*w**2 - 852*w + 1706. What is x(-172)?
330
Let z(g) = 18*g**2 - 28*g + 88. Calculate z(7).
774
Let x(d) = d**2 + 763*d + 115441. Calculate x(-208).
1
Let b(m) = 9*m**3 + 268*m**2 - 69*m - 236. Give b(-30).
34
Let h(l) = -7*l**2 - 1308*l - 55849. Determine h(-66).
-13
Let g(x) = x**3 + 228*x**2 + 7220*x - 27. What is g(-190)?
-27
Let a(i) = 86616*i - 346675. Determine a(4).
-211
Let s(c) = -180*c - 38575. Give s(-214).
-55
Let h(r) = 2*r**2 + 676*r - 467113. What is h(-681)?
53
Let g(n) = -30*n**2 + 25596*n - 30678. What is g(852)?
-6
Let o(f) = -2886*f + 969560. Calculate o(336).
-136
Let k(z) = z**2 + 315*z + 23180. Determine k(-114).
266
Let i(f) = -153*f + 7864. Give i(51).
61
Let j(b) = -20058*b + 120355. Determine j(6).
7
Let i(a) = a**3 - 579*a**2 - 68*a + 373370. Give i(578).
-18
Let s(q) = -1376*q**2 - 28898*q - 34. What is s(-21)?
8
Let l(s) = 23*s - 2577. Determine l(18).
-2163
Let t(b) = -8910*b + 213839. Give t(24).
-1
Let r(x) = 3*x**3 + 64*x**2 + 950*x + 15533. Give r(-19).
10
Let w(s) = s**2 - 76*s + 1073. Determine w(11).
358
Let f(r) = -r**3 + 97*r**2 + 1771*r + 4187. What is f(113)?
6
Let a(o) = 26024*o + 182153. What is a(-7)?
-15
Let h(p) = -5020*p + 2876503. Calculate h(573).
43
Let z(t) = -90*t - 6587. Calculate z(-97).
2143
Let d(i) = -15207*i - 4334004. Calculate d(-285).
-9
Let w(c) = 18*c**2 + 29*c + 185. Calculate w(-9).
1382
Let b(j) = -138445*j - 1661330. What is b(-12)?
10
Let i(w) = 159507*w + 2552077. Determine i(-16).
-35
Let s(u) = 78281*u + 6732162. Give s(-86).
-4
Let f(r) = 112*r - 40378. Calculate f(351).
-1066
Let a(v) = v**2 + 523*v - 559721. Give a(531).
-47
Let y(o) = 374*o - 14507. What is y(41)?
827
Let p(j) = -47533*j + 142615. Give p(3).
16
Let l(r) = -r**3 - 730*r**2 + 203*r + 679449. Calculate l(-729).
21
Let s(h) = -23*h + 598. What is s(123)?
-2231
Let z(h) = 13221*h - 4891845. What is z(370)?
-75
Let q(o) = -9*o**3 - 1134*o**2 - 9*o - 1141. What is q(-126)?
-7
Let h(j) = 8*j**2 - 1135*j - 17627. Calculate h(156).
1
Let p(j) = -630*j + 52279. Calculate p(83).
-11
Let n(q) = q**3 - 79*q**2 - 1301*q - 87. What is n(93)?
6
Let b(f) = -f**3 + 101*f**2 + 116*f - 1056. Give b(102).
372
Let v(l) = -l**2 + 186*l + 45171. Give v(325).
-4
Let c(j) = -j**2 + 60216*j - 722393. Determine c(12).
55
Let m(x) = 20561*x**2 + 82227*x - 79. Determine m(-4).
-11
Let v(p) = 2113*p + 18016. Determine v(-9).
-1001
Let z(a) = -a**3 - 148*a**2 - 4333*a + 12621. Give z(-106).
7
Let x(c) = 4217*c + 63180. Calculate x(-15).
-75
Let j(x) = -2*x**3 + 51*x**2 - 550*x + 13112. Give j(25).
-13
Let h(r) = 2*r**3 + 84*r**2 + 855*r - 135. Calculate h(-24).
81
Let l(g) = -2*g**2 - 63*g - 460. Determine l(-12).
8
Let k(i) = i**3 - 281*i**2 - 1281*i + 121851. Calculate k(284).
15
Let h(c) = -1204*c - 68623. What is h(-58)?
1209
Let d(q) = 153*q**2 + 14840*q - 149. Determine d(-97).
-52
Let g(q) = 5522*q + 353436. Give g(-64).
28
Let z(w) = -w**3 - 22*w**2 - 83*w - 1589. Determine z(-21).
-287
Let q(v) = -89*v + 2604. Calculate q(25).
379
Let a(q) = q**3 - 45*q**2 + 949*q - 42498. Calculate a(45).
207
Let o(s) = -s**3 + 57*s**2 - 390*s - 1396. Determine o(49).
-1298
Let g(l) = 2*l**2 + 1359*l - 690. Give g(-680).
-10
Let r(k) = k**3 + 35*k**2 - 10719*k - 336144. Give r(-31).
-11
Let l(v) = -78*v**2 - 2*v - 600. Give l(0).
-600
Let h(k) = 67*k**2 - 9835*k - 12021. Give h(148).
-33
Let x(a) = 6*a**2 - 581*a + 7209. Give x(82).
-89
Let n(o) = -5*o**2 - 2220*o - 46478. Determine n(-22).
-58
Let d(n) = n**3 + 108*n**2 + 154*n - 17679. Give d(-105).
-774
Let r(a) = -356*a + 5002. Calculate r(14).
18
Let d(l) = l**3 - 691*l**2 + 692*l - 1338. Give d(690).
42
Let r(u) = 1631*u**2 + 8093*u + 78. Determine r(-5).
388
Let u(j) = -2*j**2 - 311*j + 3819. What is u(-166)?
333
Let n(p) = -2*p**2 - 599*p + 11766. Determine n(-318).
0
Let i(y) = -509*y + 40297. What is i(79)?
86
Let l(i) = -i**3 + 9*i**2 + 16*i - 31. Give l(4).
113
Let p(v) = 3*v**2 - 468*v + 517. Determine p(156).
517
Let i(h) = -49121*h + 343304. Calculate i(7).
-543
Let j(r) = 10481*r + 597396. Determine j(-57).
-21
Let v(f) = -13*f**3 + 130*f**2 + 6*f - 67. What is v(10)?
-7
Let b(g) = -g**3 + 10*g**2 - 11*g + 21. What is b(4)?
73
Let w(o) = -o**2 - 1148*o + 178959. Determine w(139).
66
Let x(h) = -h**3 - 17*h**2 - 374*h - 5604. What is x(-15)?
-444
Let x(l) = 5212*l + 411771. What is x(-79)?
23
Let d(w) = w**3 - 15*w**2 - 123*w + 63. Calculate d(-8).
-425
Let m(z) = -3*z**2 + 10866*z - 43487. Give m(4).
-71
Let r(z) = -69*z**2 - 112*z + 658. What is r(6)?
-2498
Let g(k) = -76363*k + 916374. Give g(12).
18
Let k(y) = -17*y**3 + 1971*y**2 + 111*y + 637. Determine k(116).
57
Let b(z) = -555*z + 11395. Give b(20).
295
Let s(p) = -15*p**3 - 6*p**2 + 343*p + 351. What is s(-1)?
17
Let c(w) = -68428*w + 615857. Determine c(9).
5
Let h(q) = -q**3 + 117*q**2 + 1821*q - 513. Determine h(131).
-2216
Let l(d) = -4205*d + 937719. Determine l(223).
4
Let v(m) = -6*m**3 - 253*m**2 + 176*m + 10. Determine v(-43).
1687
Let j(h) = -h**3 - 48*h**2 + 74*h + 618. Give j(-49).
-607
Let y(t) = 3*t**3 + 719*t**2 + 476*t - 476. Calculate y(-239).
2
Let b(s) = -9806*s + 1127761. What is b(115)?
71
Let m(w) = w**3 + 403*w**2 - 2320*w - 815. Give m(6).
-11
Let y(q) = 19275*q + 1233611. What is y(-64)?
11
Let s(b) = -35*b**2 - 205*b + 1943. What is s(9)?
-2737
Let m(a) = -119*a**2 - 1300*a + 1298. Determine m(1).
-121
Let x(o) = -914*o - 341828. Determine x(-374).
8
Let n(b) = 2474*b - 17326. Calculate n(7).
-8
Let w(z) = -75*z**2 + 2567*z + 2566. Determine w(-1).
-76
Let d(k) = k**2 - 2724*k - 127420. What is d(-46)?
0
Let q(g) = 2*g**3 + 247*g**2 - 16*g - 16806. Calculate q(-123).
291
Let b(w) = -290701*w - 1162766. Determine b(-4).
38
Let t(c) = c**3 - 399*c**2 + 3465*c + 165329. Give t(389).
4
Let b(t) = -4119*t - 44735. Give b(-11).
574
Let s(g) = 1487*g + 6858. What is s(-1)?
5371
Let k(w) = 16728*w + 3663419. Calculate k(-219).
-13
Let i(v) = -6130*v - 23063. Give i(-4).
1457
Let c(p) = 13*p**3 - 607*p**2 - 4129*p - 88. Calculate c(-6).
26
Let g(h) = -31511*h**2 + 787776*h - 23. Give g(25).
2
Let y(h) = -h**2 + 619*h - 73164. Give y(459).
276
Let q(h) = 16836*h + 5808415. What is q(-345)?
-5
Let s(i) = 2*i**3 + 69*i**2 + 32*i + 263. What is s(-33)?
2474
Let z(d) = d**3 - 74*d**2 + 1347*d - 133. Calculate z(42).
-7
Let i(a) = 188*a - 1065. What is i(-5)?
-2005
Let y(x) = 54*x**2 + 59*x - 52. Give y(2).
282
Let v(w) = -762*w**2 - 258312*w + 2067. Give v(-339).
33
Let n(z) = -6*z**2 - 98*z - 98. Determine n(-1).
-6
Let o(j) = -12*j**2 + 2543*j + 38176. Determine o(226).
-18
Let p(a) = a**2 + 815*a + 12762. What is p(-15)?
762
Let m(z) = 2*z**3 - 35*z**2 + 134*z + 202. Give m(15).
1087
Let h(r) = 4159*r + 835962. Determine h(-201).
3
Let a(o) = -13*o**2 - 371